*p + 368. What is the remainder when q(-14) is divided by s(1)?
10
What is the remainder when 399 is divided by 6 + -9 - (6 - 76)?
64
Suppose -3*s = -7 + 1. Let r(u) = u**3 + 3*u**2 - u - 2. Let m be r(s). Calculate the remainder when 33 is divided by 264/m - 2/(-4).
16
Let g(c) = -c**2 + 11*c - 15. Let j be g(12). Let v = j - -34. Suppose -2*y = h - 11, 0 = -h - y + 2*y + 2. Calculate the remainder when v is divided by h.
2
Suppose -22*b = -765 - 555. Let d = 70 - 39. Calculate the remainder when b is divided by d.
29
Suppose -3*s + 0*s + 78 = 0. What is the remainder when s is divided by 8 - (-9 - (-14 - -12))?
11
Suppose 251 = 4*t - 81. Let u = 97 - t. What is the remainder when 37 is divided by u?
9
Let x = -315 - -395. Calculate the remainder when x is divided by 17.
12
Let f = -71 - -102. Suppose -3*t - t = -44. What is the remainder when f is divided by t?
9
Let g = 128 + -84. Let j = g - 25. What is the remainder when (2043/(-30))/(54/(-30)) - 15/18 is divided by j?
18
Suppose -u = w - 47, -5*w + 17 + 216 = 3*u. What is the remainder when 2529 is divided by w?
45
Suppose 3*a - 10 = -c, a + 0*a - 5*c - 14 = 0. Let k = 0 + -3. Let u = a + k. What is the remainder when 3 is divided by u?
0
Let a = 825 + -777. What is the remainder when a is divided by 19?
10
What is the remainder when (-2)/2*(-39 + (-9 - -2)) is divided by 6?
4
Suppose 3*v - 120 = -5*c, 4*c + 47 = 2*v - 33. Calculate the remainder when 77 is divided by v.
37
Let v(k) = -4*k + 30. Let s be v(7). Suppose -h + 120 = h - s*a, 0 = -3*h - 5*a + 220. What is the remainder when h is divided by 23?
19
Suppose -8 = 2*f - 5*z, -3*z = -4*f - 0 + 12. Let b be f/(2/4 + 1). Suppose -x + 0*p = p, -5*x - b*p = -4. What is the remainder when 7 is divided by x?
3
Suppose 4*r = 3*x + 22, 4*r + 10 = -3*x - 4. Let s be (-22)/x - (-8)/24. Suppose s*y - 111 = y. Calculate the remainder when y is divided by 20.
17
Let b = 4076 + -2848. Calculate the remainder when b is divided by 82.
80
Let d(a) = -6*a + 3. Let p be d(-5). Suppose 4*v = v + p. What is the remainder when 31 is divided by v?
9
Suppose -697 = -19*p + 2894. What is the remainder when p is divided by 10?
9
Let f = 493 + 63. Calculate the remainder when f is divided by 62.
60
Suppose -g = 6*g + 98. What is the remainder when 22 is divided by (36/8 - 5)*g?
1
Suppose -4*f + 45 = f. Suppose 0*k = j + k + 4, 3*j + 2*k + f = 0. Calculate the remainder when (-39)/(j/(4/6)) is divided by 9.
8
Let w(f) = 3*f**2 + 6*f + 10. Suppose -2*t = -3*z - 12, 5*t = 3*t. Calculate the remainder when w(z) is divided by 9.
7
Let j be 22566/(-42) - 2/(-7). What is the remainder when (-40)/100 - j/5 is divided by 27?
26
Let l = 65 + -26. Calculate the remainder when ((-4)/(-4) - 2)*388/(-2) is divided by l.
38
Suppose -5*y + 513 - 58 = 0. Suppose -3*r + 2*x + 257 = 3*x, r = 5*x + y. Calculate the remainder when r is divided by 22.
20
Let k be 57*(1 - (1 + -1)). Suppose 7*j - 6*j - k = 0. Calculate the remainder when j is divided by 20.
17
Let c(d) = 31*d - 16. What is the remainder when c(4) is divided by 30?
18
Suppose -k - f - 52 = -2*k, 4*k = -3*f + 187. What is the remainder when 189 is divided by k?
42
Let u = 2401 + -2383. Let t = 248 + -124. What is the remainder when t is divided by u?
16
Calculate the remainder when (30/(-18) - -7)*(-162)/(-8) is divided by 19.
13
What is the remainder when 1972/16 - (-3)/4 is divided by (8/12)/(4/126)?
19
Let f = -15 - -33. What is the remainder when 103 is divided by (-4)/f + (-236)/(-9)?
25
Calculate the remainder when 362 is divided by (-4)/(-3) + 4896/54.
86
Suppose 2847 = 83*f - 44*f. Calculate the remainder when 144 is divided by f.
71
Suppose 0*f = f - 12. Let u = 19 - f. Suppose -3*q - 80 = -u*q. What is the remainder when 78 is divided by q?
18
Let q(a) = -a**3 - 32*a**2 - 31*a + 59. Calculate the remainder when 233 is divided by q(-31).
56
Suppose 13*f - 4977 = -414. What is the remainder when f is divided by 67?
16
Suppose 4*y = 2*g - 46, 55*g = 51*g + 4*y + 96. Suppose -a + 5*d = -0*a - 69, 0 = a - 4*d - 64. What is the remainder when a is divided by g?
19
Suppose -4*y = -44*h + 42*h + 4618, 4*h - 5*y - 9233 = 0. What is the remainder when h is divided by 21?
18
Let i = -173 + 194. Let w = -17 + 55. What is the remainder when w is divided by i?
17
Let t(n) = 2*n**2 - 9*n - 9. Suppose 24 = 3*b - 4*w, 0*b + 4*b + 5*w = 32. Calculate the remainder when t(b) is divided by 25.
22
Suppose 2*m = 4*m - 8. Let a = m + -6. What is the remainder when 9 is divided by a - (-3 - (0 + 2))?
0
Suppose -4*q = -2*c - 1758, 5*q - 1195 = 2*c + 1005. What is the remainder when q is divided by 37?
35
Suppose -p + 6*p = 140. Let w be 770/50 + (-3)/((-30)/(-4)). Suppose 3*m = 60 - w. Calculate the remainder when p is divided by m.
13
Suppose 3*v + u - 271 = 0, -3*v + 161 = -4*u - 90. What is the remainder when 282 is divided by v?
15
Let q = -977 - -1290. Calculate the remainder when q is divided by 7.
5
Let z be (-9)/(-2) + 10/(-20). Suppose -z*x + 5*b = -13, -2*x - 5*b = -16 - 13. Calculate the remainder when 33 is divided by x.
5
Suppose -35*o - 12255 = -50*o. Calculate the remainder when o is divided by 63.
61
Let u(z) = -4*z + 116. What is the remainder when 42 is divided by u(28)?
2
Let a(m) = 12*m + 32. Calculate the remainder when 95 is divided by a(0).
31
Let z = -258 + 261. What is the remainder when 279/21 + 4/(-14) is divided by z?
1
Let i(b) = -b**3 - 6*b**2 + 4*b - 1. What is the remainder when 63 is divided by i(-7)?
3
Let j(w) = -19*w - 4. What is the remainder when 271 is divided by j(-2)?
33
Let i(f) = f**3 + 5*f**2 - 2*f + 16. Let h(a) = -a**3 + 4*a**2 + 9*a + 13. Let n be h(6). What is the remainder when 153 is divided by i(n)?
23
Let p be ((-2)/(-4))/(3/168). Suppose 0*h = 2*h - p. What is the remainder when 39 is divided by h?
11
Suppose 0*k - 12 = 3*k, i = -5*k + 409. Calculate the remainder when i is divided by 40.
29
Suppose -14 = -5*m - 34. Let c be (-13)/(-12)*3*m. Let y = c - -15. What is the remainder when y is divided by 1?
0
Suppose -2*u + 8*u - 30 = 0. Suppose 0 = -4*s, -u = -2*r - 5*s + 7. Calculate the remainder when 21 is divided by r.
3
Let q(u) = 3*u**2 + 4*u - 5. Let c be q(2). Let x(m) = m**3 - 16*m**2 + 14*m + 34. Calculate the remainder when (-3)/(-3) - (-54 - 0) is divided by x(c).
17
Let q be (-15)/(-9)*(4 + -1). Let s(z) = 3*z + 5. Let g = -489 + 496. Calculate the remainder when s(q) is divided by g.
6
Suppose 5*r = 4*r. Suppose r = -2*l + 8*l - 60. Calculate the remainder when (15/l)/(3/58) is divided by 16.
13
Let f(l) = -l**3 + 16*l**2 + 9. Let j be f(16). What is the remainder when 4/(-6) + 897/j is divided by 20?
19
Let m = -11 + 24. Let q(n) be the second derivative of -n**3/6 + 29*n**2/2 - 2*n. Calculate the remainder when 62 is divided by q(m).
14
Let h be (-14)/(2/4*-2). Let q = h - 3. Suppose 0 = j + 4*y - 36, -3*j - 5*y + 51 = -85. Calculate the remainder when j is divided by q.
8
Let f = -14 - -62. What is the remainder when 60 is divided by 1/(1/f*3)?
12
Let z = -718 + 729. Let o be (1 - (-2 - -1)) + 2. Suppose p - 265 = -o*p. What is the remainder when p is divided by z?
9
Let x(b) be the first derivative of b**3/3 - 3*b**2 + 11*b - 8. What is the remainder when 32 is divided by x(6)?
10
Suppose 6 = -2*n + 5*j - 2, 5*j - 32 = -2*n. Suppose 3*h + 9 = n. Calculate the remainder when 1160/14 - h/7 is divided by 21.
20
Suppose -7*j = -157 - 193. What is the remainder when j is divided by 30?
20
Let f(m) = -m**2 + 10*m - 6. Let q be f(9). Suppose 5 = a + q. Calculate the remainder when a is divided by 1.
0
Let w = -7 - -10. Suppose 4*q + w*x - 66 = -0*x, 3*q = -2*x + 50. Suppose 0 = -3*m - 0*m + q. Calculate the remainder when 22 is divided by m.
4
Suppose -42 = 4*s - 10. Calculate the remainder when 38 is divided by s/(3 - (-1 - -5)).
6
Let q be (594/(-4) + (1 - -2))*-2. Suppose 0 = -8*h - 43 + q. What is the remainder when h is divided by 12?
7
Suppose 3*a = 4*g + 643, 1166 = 5*a + g + 125. Calculate the remainder when a is divided by 56.
41
Suppose 0 = -6*z + 3*z + 9. Suppose q + z*v - 9 = -3*q, -q = 4*v + 1. Calculate the remainder when (-90)/(-8) - 1/4 is divided by q.
2
Let a be 2/(-5) - 48906/110. Let n = 641 + a. Calculate the remainder when n is divided by 22.
2